mmon divisor of y and 175?
35
Let j = 708 + -143. Suppose -2*q - j = -5*q + 2*s, 3*s + 380 = 2*q. What is the highest common factor of q and 17?
17
Let s be (-4)/3 - (-1070)/15. Let w = -53 + s. Let o = -319 + 455. What is the greatest common divisor of o and w?
17
Let o be (-240)/9 + 1/(-3). Let i = 52 + o. Calculate the greatest common factor of i and 175.
25
Suppose -2*l = 6, -v + 6 = v + 4*l. Suppose -4*f - 4*n = -v*f + 14, 5*n = -2*f - 1. Suppose 9*j - 42 = -12*j. What is the greatest common factor of j and f?
2
Let f = -417 + 492. Calculate the highest common factor of 80 and f.
5
Suppose -3*r = -5*g - 27, -4*r + 9 + 32 = -5*g. Suppose -r*b + 224 = -7*b. What is the greatest common divisor of b and 4?
4
Let l be -1 - (-1 + -11 + -2). Suppose 4*x = -3*w + 441, 5*w - x + 143 = 855. Calculate the highest common factor of l and w.
13
Suppose 4*m - 15 = -35. Let r(z) = z**3 + 6*z**2 + 3. Let q be r(m). What is the highest common factor of q and 7?
7
Let z(t) = -13*t + 112. Let r be z(8). Calculate the greatest common factor of 4 and r.
4
Let d = -209 + 587. Calculate the highest common factor of d and 14.
14
Let i = 556 - -36. Calculate the highest common divisor of 16 and i.
16
Let y(q) = -q**3 - 7*q**2 - 5*q + 16. Let t(j) = j**3 + 21*j**2 - 7. Let z be t(-21). Let r be y(z). What is the highest common divisor of r and 34?
17
Let u be (-15)/(-35) - 599/(-7). Suppose 4*t = -5*p + 80 + u, -3*p = 6. Calculate the greatest common factor of t and 55.
11
Let f = -214 - -232. Calculate the greatest common factor of f and 144.
18
Suppose 410 = -41*p + 43*p. What is the greatest common divisor of p and 5?
5
Suppose -40*k + 2205 = -5*k. Calculate the highest common divisor of 162 and k.
9
Let f(s) = 30*s + 144. Let n be f(-4). Let w be 6/(-3)*(-26)/4. Suppose -w = -4*m + 51. What is the highest common divisor of m and n?
8
Suppose 0 = 3*u + f - 12, -8*u = -3*u - 3*f - 20. Suppose 2*x + 4*o = 52, -u*x = -3*x - 5*o - 54. Calculate the highest common factor of 17 and x.
17
Let v be (0 - (-3)/(-21)) + 232/7. Let j = v - 29. What is the highest common divisor of 2 and j?
2
Let c(i) = -12*i - 23. Let j be c(-11). Let l = j + -24. What is the greatest common divisor of l and 17?
17
Suppose 14*y - 91 = 371. What is the greatest common factor of y and 132?
33
Suppose 0*k = 3*k + 4*n - 150, 0 = -2*k - 3*n + 99. Let q(v) = -v**2 - 125*v - 900. Let p be q(-8). Calculate the highest common divisor of k and p.
18
Suppose -2*j = 2*h - j - 1710, h - 855 = -j. What is the highest common divisor of h and 45?
45
Let c(s) = s - 1. Let p = 18 + -14. Let n be c(p). Suppose -d + 60 = 2*x, n*x = -4*d + 2*x + 240. Calculate the highest common factor of 12 and d.
12
Let f = -209 - -234. What is the highest common factor of f and 40?
5
Let k be (-4)/22 - 45792/(-176). Suppose -160 = -5*j + k. Let i be (-180)/(-7) - (-24)/j. Calculate the highest common factor of 234 and i.
26
Let n be (-11 + 31)*(2 - 0). What is the greatest common divisor of 920 and n?
40
Let s = -18 - -22. Suppose s + 12 = u. What is the greatest common divisor of 64 and u?
16
Suppose -u + 5*u = 80. Suppose 0 = u*i - 16*i - 208. Suppose 5*b = -x + 120 - 12, -i = -2*b + 4*x. Calculate the greatest common factor of 22 and b.
22
Let x be (4/(-6))/(2*(-6)/(-342)). Let m be ((-4)/(-4))/((-1)/x) - -3. Calculate the highest common divisor of 55 and m.
11
Let c(j) be the third derivative of 23*j**4/24 - j**3 + 5*j**2. Let s be c(6). What is the highest common divisor of 12 and s?
12
Let y(b) = -b**3 - 2*b**2 + b + 1. Let k be y(-3). Let a be (-1)/k + 13/(-7). Let h be (-114)/(-10) - a/(-5). What is the greatest common divisor of 22 and h?
11
Let j(y) = y**3 + 13*y**2 - 12*y - 5. Let i be j(-10). Let m = i + -255. Let b be -4*(20/2)/(-2). What is the highest common factor of m and b?
20
Let q(h) = -h**2 + 15*h + 2. Let p be q(15). Suppose -4*u + 20 + 12 = -p*m, -3*u = -9. Let o be 4*8/m*-20. What is the highest common divisor of o and 8?
8
Suppose 5*c = -2*u + 144, 4*c - 64 = 2*u + 62. What is the greatest common divisor of c and 102?
6
Suppose 16*d + 84 = 22*d. What is the highest common divisor of d and 98?
14
Suppose 0 = 5*f + 163 - 593. What is the greatest common factor of f and 215?
43
Let m(d) = -d - 30. Let g be m(-17). Let l(z) = -4*z - 43. Let t be l(g). What is the greatest common divisor of 153 and t?
9
Let s = 21 + -29. Let w be 3/(s/4 + 3) + 420. Calculate the greatest common divisor of w and 47.
47
Suppose 0 = 2*n + 3*n - 1700. Calculate the highest common factor of 40 and n.
20
Let d(x) = -x**3 - 15*x**2 - 11*x - 56. Let r be d(-16). Calculate the greatest common divisor of 8 and r.
8
Let t(g) = 67*g + 1. Let k = 10 + -9. Let s be t(k). Suppose -2*p - 76 = -3*h, -3*h + 0*p + s = 2*p. What is the greatest common divisor of h and 216?
24
Let u(o) = 40*o + 488. Let x be u(-7). What is the greatest common divisor of x and 32?
16
Suppose 0*a = -5*a + 25. Suppose 2*j - 175 + 66 = a*d, -62 = -j - 5*d. Calculate the greatest common divisor of 38 and j.
19
Suppose -2*u - 5*j + 289 = u, 3*j = 2*u - 161. Let f = -11 - -13. Suppose -22 = n - f*n. What is the highest common divisor of u and n?
22
Let y = 38 - 66. Let h be y/(-4) - 2 - 1. Let g be (-13)/(-11) + (-12)/66. Calculate the greatest common factor of g and h.
1
Let b(y) = -y**2 + 6*y + 9. Let t be b(7). Suppose 53 = 5*d - 4*r, t*d = -2*d - 3*r + 61. Calculate the greatest common factor of 26 and d.
13
Suppose 11*d - 94 = 434. What is the greatest common divisor of 216 and d?
24
Let t(f) = f - 23. Let d be t(13). Let u = 28 + d. Suppose 18 = -z + 7*z. What is the highest common divisor of z and u?
3
Suppose -5*w + 1 - 31 = 4*d, w + 2 = 0. Let k be (0 - 2) + 1 + 6. Let t be -4 + k/(d/(-144)). Calculate the highest common divisor of 14 and t.
14
Let l(q) = -q**3 + 4*q**2 - q + 8. Let x be l(6). Let n = x - -101. Suppose 2*y - k = 15, 5*y + k - n + 4 = 0. Calculate the greatest common factor of 2 and y.
2
Let d be 6 + -4 - 4*-2. Calculate the greatest common divisor of 20 and d.
10
Suppose -6924 = 25*v - 23799. Calculate the greatest common factor of v and 25.
25
Let t(i) = -2*i**2 - 16*i + 36. Let a be t(-9). What is the highest common divisor of 1368 and a?
18
Let s be (286/39)/(2/(-6)). Let d = 24 + s. What is the highest common factor of d and 6?
2
Let x(s) = 33*s**2 - 3*s - 3. Let j be x(-1). What is the greatest common factor of j and 3?
3
Suppose -2*g - 3*b + 142 = 0, -2*g + 4*b + 80 = -48. Let d = g + -59. Calculate the highest common divisor of d and 27.
9
Suppose 5*v + 0*v = -5*n + 470, 2*v = 2*n + 168. Let x = v + -83. Let z be (1 - 3) + 0 - -5. What is the highest common factor of z and x?
3
Let c = 61 - 31. Let f = c - 30. Suppose f*t - 1 = -t. What is the greatest common divisor of 4 and t?
1
Let v(p) = 7*p**2 + 3*p - p**3 - p + 10 + 4*p**2 - 14*p. Let c be v(9). Suppose 0 = t - 5*t + c. Calculate the greatest common factor of t and 128.
16
Suppose -488 + 26 = -11*n. Calculate the greatest common divisor of 672 and n.
42
Let x be (-26247)/(-91) + (3 - (-48)/(-14)). Calculate the greatest common factor of x and 224.
32
Suppose 5*q - 13 = -18. Let c be -6 + 4 + q - -8. What is the highest common divisor of 2 and c?
1
Suppose 14 = 4*u - 5*v - 2, -2*u = -v - 8. Suppose -3*j + 2*z = 188, j + 190 = -2*j + u*z. Let n = j + 198. What is the greatest common divisor of 17 and n?
17
Let w(y) = 8*y - 15. Let i be w(7). Suppose -3*h + 150 = -2*x, -4*h + 246 = -x + i. Calculate the greatest common divisor of 13 and h.
13
Suppose c + 5*b = 62, -22*c - 2*b - 204 = -26*c. Calculate the greatest common divisor of c and 8.
4
Suppose -2*n - 44*z + 456 = -40*z, 3*n + z = 709. What is the greatest common divisor of n and 7?
7
Let n = 11 + 19. Suppose 7*p - 18 + 4 = 0. Let a be ((-78)/(-65))/(p/10). What is the highest common divisor of n and a?
6
Suppose 216*w = -2*i + 218*w + 28, 5*i - w - 58 = 0. Let h(z) = -98*z + 1. Let b be h(-1). Calculate the highest common divisor of i and b.
11
Let n = 4 + -6. Let x(z) = 4*z + 0 + 1 - 3 - 7*z. Let a be x(n). What is the highest common divisor of 28 and a?
4
Let t be -5*(710/(-50) + 9). What is the highest common factor of t and 8?
2
Let a(m) = 24*m + 200. Let v be a(-7). What is the highest common divisor of v and 784?
